 and 18183.
19
What is the highest common factor of 320 and 6760?
40
What is the highest common divisor of 6 and 86?
2
Calculate the highest common factor of 53 and 1.
1
What is the highest common divisor of 2013 and 22?
11
Calculate the greatest common divisor of 558 and 18.
18
What is the greatest common factor of 82 and 4100?
82
Calculate the greatest common divisor of 240 and 192.
48
Calculate the highest common factor of 68 and 12.
4
What is the highest common factor of 44 and 2431?
11
Calculate the greatest common divisor of 19 and 1121.
19
What is the highest common divisor of 16 and 152?
8
Calculate the greatest common factor of 1640 and 320.
40
Calculate the greatest common factor of 17 and 323.
17
What is the greatest common factor of 2240 and 336?
112
Calculate the greatest common factor of 66 and 102.
6
What is the highest common factor of 590 and 20?
10
Calculate the highest common divisor of 2413 and 508.
127
What is the highest common factor of 2041 and 1099?
157
What is the greatest common divisor of 4218 and 18?
6
Calculate the highest common divisor of 154 and 22.
22
What is the greatest common divisor of 172 and 559?
43
Calculate the highest common factor of 35 and 2240.
35
What is the highest common factor of 8 and 67544?
8
What is the highest common factor of 15 and 15?
15
What is the greatest common divisor of 8687 and 357?
119
Calculate the highest common factor of 22131 and 9.
9
What is the highest common factor of 39 and 3?
3
Calculate the greatest common factor of 901 and 53.
53
What is the greatest common divisor of 130 and 494?
26
What is the greatest common divisor of 54 and 6858?
54
What is the highest common factor of 884 and 104?
52
What is the greatest common factor of 312 and 131352?
312
Calculate the greatest common divisor of 23 and 943.
23
Calculate the greatest common factor of 116 and 319.
29
What is the highest common divisor of 63 and 387?
9
Calculate the highest common divisor of 336 and 42.
42
Calculate the greatest common divisor of 121 and 88.
11
What is the highest common factor of 48 and 7194?
6
What is the highest common divisor of 585 and 4797?
117
Calculate the greatest common factor of 3 and 408.
3
What is the highest common factor of 30 and 2110?
10
What is the greatest common divisor of 175 and 14?
7
What is the greatest common factor of 33 and 6?
3
Calculate the greatest common divisor of 9308 and 52.
52
What is the greatest common divisor of 87 and 232?
29
What is the highest common factor of 21 and 56679?
21
Calculate the greatest common factor of 7 and 42.
7
What is the highest common divisor of 5336 and 253?
23
Calculate the highest common factor of 352 and 160.
32
Calculate the greatest common divisor of 310 and 248.
62
What is the greatest common divisor of 441 and 180?
9
Calculate the highest common divisor of 1530 and 36.
18
What is the greatest common factor of 6 and 22?
2
What is the highest common factor of 49 and 2?
1
What is the highest common factor of 270 and 27?
27
What is the greatest common factor of 1014 and 6?
6
Calculate the greatest common divisor of 92 and 2783.
23
What is the greatest common divisor of 750 and 30?
30
What is the highest common factor of 8469 and 90?
9
Calculate the greatest common divisor of 138 and 6026.
46
What is the greatest common factor of 32 and 10936?
8
Calculate the highest common divisor of 221 and 136.
17
What is the greatest common factor of 9 and 15039?
9
Calculate the greatest common factor of 2028 and 12.
12
What is the highest common factor of 60 and 204?
12
Calculate the highest common factor of 90 and 105.
15
Calculate the greatest common divisor of 692 and 519.
173
Calculate the highest common factor of 30 and 190.
10
What is the greatest common factor of 18536 and 14?
14
Calculate the highest common divisor of 1 and 641.
1
What is the greatest common divisor of 160 and 54?
2
Calculate the greatest common divisor of 390 and 15730.
130
Calculate the highest common divisor of 16 and 74.
2
What is the highest common divisor of 40 and 525?
5
Calculate the highest common divisor of 187 and 44.
11
What is the greatest common divisor of 1589 and 21?
7
What is the greatest common divisor of 555 and 148?
37
What is the greatest common factor of 11270 and 140?
70
What is the greatest common factor of 1854 and 3502?
206
Calculate the greatest common divisor of 2 and 32.
2
Calculate the highest common divisor of 378 and 162.
54
What is the greatest common divisor of 50 and 70?
10
Calculate the greatest common divisor of 155 and 8494.
31
What is the greatest common factor of 26 and 6253?
13
Calculate the highest common divisor of 1305 and 90.
45
What is the greatest common factor of 1532 and 20?
4
Calculate the highest common factor of 14052 and 12.
12
What is the greatest common divisor of 105 and 7455?
105
Calculate the highest common divisor of 56 and 91.
7
Calculate the highest common divisor of 707 and 3737.
101
What is the highest common factor of 209 and 12331?
209
Calculate the greatest common divisor of 3431 and 73.
73
Calculate the greatest common divisor of 10 and 35170.
10
What is the highest common factor of 36 and 132?
12
What is the greatest common factor of 95 and 589?
19
What is the highest common factor of 2 and 8?
2
What is the highest common factor of 8667 and 162?
81
What is the greatest common factor of 345 and 15?
15
Calculate the greatest common factor of 165 and 30.
15
Calculate the highest common factor of 198 and 72.
18
What is the highest common divisor of 10 and 35?
5
What is the highest common factor of 676 and 39?
13
What is the highest common factor of 6 and 3606?
6
Calculate the greatest common divisor of 56 and 182.
14
What is the greatest common factor of 1573 and 1001?
143
What is the highest common factor of 2 and 64?
2
Calculate the highest common factor of 2465 and 27608.
493
Calculate the greatest common factor of 1464 and 915.
183
What is the highest common factor of 96 and 18?
6
What is the greatest common divisor of 6040 and 360?
40
Calculate the highest common factor of 498 and 6.
6
What is the greatest common divisor of 1512 and 324?
108
Calculate the highest common factor of 363 and 3333.
33
Calculate the greatest common divisor of 231 and 44583.
231
Calculate the highest common factor of 289 and 323.
17
Calculate the highest common factor of 5 and 125.
5
Calculate the greatest common factor of 74 and 185.
37
What is the greatest common divisor of 13 and 91?
13
What is the greatest common factor of 495 and 110?
55
What is the greatest common factor of 50 and 6425?
25
What is the greatest common divisor of 5 and 2885?
5
What is the greatest common factor of 169 and 52?
13
Calculate the greatest common divisor of 85 and 255.
85
What is the highest common factor of 678 and 36?
6
What is the highest common divisor of 9 and 717?
3
What is the highest common factor of 215 and 301?
43
What is the highest common divisor of 39 and 195?
39
Calculate the highest common divisor of 112 and 434.
14
What is the greatest common divisor of 1450 and 250?
50
What is the highest common divisor of 5 and 1135?
5
What is the greatest common divisor of 2260 and 113?
113
Calculate the greatest common divisor of 38 and 82.
2
Calculate the greatest common divisor of 84 and 60.
12
What is the highest common divisor of 1444 and 1634?
38
What is the greatest common factor of 700 and 112?
28
Calculate the greatest common divisor of 96 and 120.
24
What is the greatest common divisor of 24 and 372?
12
Calculate the greatest common divisor of 252 and 420.
84
Calculate the greatest common factor of 704 and 4736.
64
What is the highest common factor of 194 and 1?
1
Calculate the highest common factor of 60 and 108.
12
Calculate the highest common factor of 60 and 36.
12
What is the greatest common factor of 3887 and 207?
23
What is the greatest common divisor of 516 and 12?
12
What is the highest common divisor of 78 and 52?
26
Calculate the highest common divisor of 238 and 14.
14
What is the greatest common factor of 92 and 207?
23
Calculate the highest common divisor of 7800 and 455.
65
What is the greatest common divisor of 228 and 12?
12
Calculate the greatest common factor of 2 and 6.
2
Calculate the greatest common factor 